e p(9).
66
Let b(s) = -7371*s - 74163. Give b(-10).
-453
Let x(z) = 4*z**3 - 606*z**2 - 921*z + 467. Calculate x(153).
8
Let u(z) = -2*z**3 - 76*z**2 + 10*z + 535. Give u(-38).
155
Let s(u) = -192*u - 348. What is s(-2)?
36
Let d(j) = 24*j**2 - 485*j + 86. Calculate d(20).
-14
Let y(r) = -r**3 - 110*r**2 + 2599*r + 266095. Calculate y(-112).
95
Let s(b) = -34295*b - 1440398. What is s(-42)?
-8
Let x(i) = -i**3 + 481*i**2 + 28883*i + 3741. Calculate x(535).
-4
Let j(v) = -8*v + 456. What is j(-18)?
600
Let l(d) = -4*d**2 - 594*d + 10884. Determine l(16).
356
Let m(v) = -64816*v - 8490891. Determine m(-131).
5
Let n(d) = -4*d**2 + 547*d - 17587. Give n(52).
41
Let j(y) = 3*y**3 - 57*y**2 + 33*y + 43. What is j(19)?
670
Let g(l) = 131*l + 3617. What is g(-28)?
-51
Let x(n) = 140243*n - 140224. Give x(1).
19
Let p(n) = 29*n**2 - 1498*n + 3772. Determine p(49).
-1
Let y(x) = 52*x**3 - 2704*x**2 - 28*x + 1396. Calculate y(52).
-60
Let q(j) = -331*j - 9264. Calculate q(-28).
4
Let s(v) = -21350*v - 106799. What is s(-5)?
-49
Let b(t) = 1016*t + 5620. Calculate b(-7).
-1492
Let a(w) = 75*w**2 + 1871*w - 58. What is a(-25)?
42
Let s(n) = 5346*n - 96202. Calculate s(18).
26
Let q(o) = -565*o - 2655. Calculate q(-5).
170
Let d(k) = -2*k**2 + 84284*k - 3452279. Calculate d(41).
3
Let q(u) = 85004*u + 425014. Determine q(-5).
-6
Let g(v) = -28*v**2 + 660*v + 272. What is g(25)?
-728
Let x(n) = -572*n - 1013. Calculate x(-2).
131
Let i(a) = 5*a**2 + 92647*a + 9. What is i(0)?
9
Let h(s) = 6*s**2 - 105*s - 1654. Give h(-13).
725
Let k(g) = -g**3 - 43*g**2 - 5*g + 350. Give k(-3).
5
Let f(t) = 37160*t + 371610. What is f(-10)?
10
Let t(o) = -o**3 - 98*o**2 - 2266*o + 169. Determine t(-56).
-4647
Let z(v) = -201*v**3 - 5427*v**2 - 2*v - 45. Calculate z(-27).
9
Let r(a) = a**2 - 10865*a + 281832. Calculate r(26).
18
Let n(d) = 308*d**2 - 4738*d + 1770. What is n(15)?
0
Let q(o) = -o**3 - 5*o**2 + 616*o + 5795. Give q(-10).
135
Let t(k) = -777*k**2 - 897439*k - 4560. Calculate t(-1155).
60
Let u(w) = w**3 - 33*w**2 + 193*w - 331. What is u(26)?
-45
Let s(m) = -3027*m + 33592. Calculate s(11).
295
Let p(n) = n**3 - 104*n**2 - 885*n - 354. Give p(112).
878
Let f(c) = -165*c - 49466. Determine f(-298).
-296
Let j(u) = -2*u**3 - 132*u**2 + 7628*u + 611. Calculate j(-103).
-7
Let x(p) = -12*p**3 - 169*p**2 + 272*p + 4010. Determine x(-14).
6
Let w(q) = 142*q**2 - 17478*q + 1483. Calculate w(123).
7
Let y(z) = -z**2 + 810*z + 14998. Give y(-18).
94
Let f(r) = -2*r**3 - 4*r**2 - 11*r - 17. Calculate f(-5).
188
Let p(a) = 53*a**2 + 370*a + 26. Determine p(-7).
33
Let t(x) = x**3 + 61*x**2 - 22015*x + 1254. Calculate t(-182).
-20
Let v(r) = -r**3 - 197*r**2 + 386*r - 2957. Calculate v(-199).
-569
Let n(q) = -33*q**3 - 254*q**2 + 433*q + 2824. Give n(-8).
0
Let t(v) = -1191*v - 7348. Determine t(-8).
2180
Let l(c) = -3*c**3 - 170*c**2 - 101*c - 64. Determine l(-56).
-680
Let h(b) = -14*b**2 - 263*b + 1292. What is h(4)?
16
Let b(t) = -3222*t + 24867. Calculate b(7).
2313
Let x(y) = -398*y + 662. Calculate x(2).
-134
Let d(z) = 61*z**3 + 585*z**2 - 269*z - 198. What is d(-10)?
-8
Let w(k) = -2441*k**3 + 21993*k**2 - 214*k - 28. What is w(9)?
-10
Let s(d) = -7228*d - 35992. What is s(-5)?
148
Let r(m) = 2941*m - 32354. Determine r(11).
-3
Let j(s) = 4*s**2 - 3292*s + 506764. What is j(618)?
4
Let g(n) = 7*n**3 - 96*n**2 + 26*n - 118. Give g(14).
638
Let l(b) = 2419*b**3 - 7253*b**2 - 7*b - 3. What is l(3)?
12
Let a(u) = 934834*u - 6543824. Give a(7).
14
Let o(v) = 1044*v + 26682. What is o(-25)?
582
Let z(p) = 171*p**2 + 572*p - 1725. Calculate z(3).
1530
Let r(l) = -2892*l + 8801. Determine r(3).
125
Let s(i) = 4*i**2 + 190*i + 2168. Calculate s(-24).
-88
Let u(g) = 2*g**3 + 110*g**2 + 764*g - 24. Give u(-47).
-588
Let n(k) = k**2 + 499*k + 30720. Calculate n(-72).
-24
Let h(f) = -174*f - 266. What is h(-5)?
604
Let z(a) = 93*a**3 + 7632*a**2 + 492*a + 14. Determine z(-82).
14
Let g(f) = -24*f**2 - 4538*f - 164. Give g(-189).
214
Let o(m) = 4770*m - 219112. Give o(46).
308
Let f(v) = -v**3 - 41*v**2 + 47*v + 3445. What is f(-40)?
-35
Let v(j) = -28*j**2 - 9703*j + 58081. Give v(6).
-1145
Let f(d) = 47*d + 759. What is f(-14)?
101
Let t(i) = -51*i**2 + 9630*i + 11394. Give t(190).
-6
Let r(h) = -6*h**3 + 44*h**2 + 30*h + 45. Determine r(7).
353
Let u(s) = s**3 + 24*s**2 - 30*s - 977. Calculate u(-22).
651
Let i(w) = -87583*w + 6305976. Determine i(72).
0
Let z(x) = 7213*x + 108806. Give z(-15).
611
Let r(y) = 5*y**2 - 7586*y - 15174. Determine r(-2).
18
Let f(j) = 6203*j - 68385. Give f(11).
-152
Let h(c) = 70*c**2 - 4625*c - 4391. Determine h(67).
-36
Let s(w) = w**2 - 94*w + 1094. Give s(21).
-439
Let b(w) = 354*w + 30976. Determine b(-88).
-176
Let z(d) = -d**3 - 84*d**2 + 97*d + 1297. What is z(-85)?
277
Let l(t) = 2*t**3 + 97*t**2 - 1631*t - 83285. Determine l(-47).
-1
Let k(c) = -c**2 - 1252*c + 1789658. What is k(851)?
5
Let q(d) = -d**2 + 8484*d - 169299. Give q(20).
-19
Let h(u) = -1021667*u + 56191682. Determine h(55).
-3
Let k(g) = 4674*g + 434435. Calculate k(-93).
-247
Let n(c) = -c**3 + 279*c**2 - 18872*c + 1959. Give n(164).
-9
Let a(x) = -5*x**3 + 895*x**2 + 900*x - 45. What is a(180)?
-45
Let r(z) = 5605*z**2 + 28027*z - 30. Calculate r(-5).
-40
Let t(z) = 6*z**3 + 22*z**2 + 4*z - 78. Determine t(-6).
-606
Let r(b) = -420*b**2 - 218*b - 216. What is r(-1)?
-418
Let b(s) = -s**2 - 4801*s - 67011. Give b(-14).
7
Let x(g) = 8*g**2 - 97*g + 1081. Calculate x(0).
1081
Let o(w) = -w**3 + 48*w**2 - 2393*w + 119620. Calculate o(49).
-38
Let g(d) = 1453*d - 46243. Calculate g(32).
253
Let i(t) = -179674*t - 10600759. Calculate i(-59).
7
Let l(n) = -7*n**3 - 2*n**2 + 47*n - 180. Give l(-6).
978
Let t(v) = -2*v**3 + v**2 - 2244*v - 6746. Calculate t(-3).
49
Let m(o) = -o**3 - 29*o**2 - 132*o + 1888. Give m(-20).
928
Let u(n) = 2*n**2 + 714*n + 19230. Determine u(-29).
206
Let i(r) = -2257*r - 220349. Determine i(-98).
837
Let a(k) = -731*k - 226. Determine a(3).
-2419
Let i(t) = 14123*t + 381525. Give i(-27).
204
Let k(x) = -x**2 + 397*x - 38802. What is k(223)?
0
Let w(m) = -2*m**3 - 159*m**2 - 389*m + 54. Give w(-77).
362
Let b(k) = -k**3 - 17*k**2 + 11*k - 55. What is b(-18)?
71
Let n(g) = -33471*g - 133921. What is n(-4)?
-37
Let y(p) = -152180*p - 5021927. Determine y(-33).
13
Let r(z) = 10881*z - 43234. What is r(4)?
290
Let y(l) = l**2 - 2044*l - 376362. Give y(-170).
18
Let u(h) = -597*h + 14115. What is u(22)?
981
Let h(b) = b**3 - 56*b**2 + 1613*b - 77054. Calculate h(53).
8
Let d(l) = 145*l**3 + 91785*l**2 - l - 629. What is d(-633)?
4
Let u(b) = -406*b - 39167. What is u(-104)?
3057
Let i(m) = m**3 - 31*m**2 + 133*m - 871. Determine i(13).
-2184
Let w(l) = 6*l**2 - 942*l - 7647. What is w(-8)?
273
Let t(h) = h**3 + 76*h**2 + 156*h + 17902. Determine t(-77).
-39
Let h(c) = 1319*c - 21460. Give h(15).
-1675
Let a(r) = 5149*r + 25742. Calculate a(-5).
-3
Let a(h) = h**3 + 81*h**2 - 6916*h - 148. Calculate a(-133).
-148
Let w(n) = -5059*n - 26797. Calculate w(-6).
3557
Let b(z) = -2*z**3 - 209*z**2 + 540*z + 539. Calculate b(-107).
4
Let t(r) = 2*r**3 + 268*r**2 + 735*r + 393. What is t(-2)?
-21
Let w(b) = -15*b**3 + 107*b**2 - 183*b - 131. Give w(4).
-111
Let c(q) = -q**3 + 79*q**2 + 166*q - 537. Give c(81).
-213
Let i(g) = 2346*g + 44577. Calculate i(-19).
3
Let s(a) = 88441*a + 265724. What is s(-3)?
401
Let l(y) = -5*y**2 - 681*y + 4163. Calculate l(-142).
45
Let h(f) = -39*f**3 - 2*f**2 - 20*f + 116. Calculate h(3).
-1015
Let a(o) = -89531*o - 536965. What is a(-6)?
221
Let u(d) = -11*d**3 + 588*d**2 - 1378*d + 41. Determine u(51).
-10
Let n(y) = 3*y**3 - 76*y**2 + 37*y - 67. Calculate n(24).
-1483
Let y(w) = -w**3 - 216*w**2 + 945*w + 63081. Give y(-219).
9
Let z(v) = 959*v + 9726. Determine z(-10).
136
Let r(h) = 9*h**3 + 6*h**2 - 8*h - 12. Determine r(3).
261
Let h(y) = -10*y**3 - 6*y**2 - 61*y - 62. Give h(-3).
337
Let o(h) = -962*h - 5674. Give o(-6).
98
Let x(p) = p**2 - 440*p + 28874. Determine x(80).
74
Let v(k) = -k**2 - 81*k + 630. What is v(7)?
14
Let z(i) = 21*i**2 - 30*i + 6. Determine z(1).
-3
Let n(f) = 801*f - 4662. What is n(7)?
945
Let x(d) = -4*d**2 - 1010*d - 37726. What is x(-207)?
-52
Let b(n) = 715*n - 300781. What is b(421)?
2